he highest common factor of 1719 and 1595945385?
1719
What is the greatest common factor of 396 and 618444?
36
What is the greatest common factor of 11793563 and 187?
17
What is the highest common divisor of 90 and 12386844?
18
Calculate the greatest common divisor of 675 and 620775.
225
What is the greatest common divisor of 3832 and 8663194?
958
What is the highest common factor of 13585874 and 76?
38
What is the greatest common factor of 13728 and 1905618?
858
What is the greatest common divisor of 4989003 and 75081?
2589
Calculate the greatest common factor of 20783 and 273.
7
Calculate the highest common factor of 15145316 and 5428.
92
Calculate the greatest common divisor of 94467636 and 6.
6
What is the greatest common divisor of 6499 and 353023?
67
What is the highest common divisor of 372014160 and 632?
632
What is the greatest common factor of 39512704 and 29540?
5908
Calculate the greatest common factor of 126 and 1443438.
18
What is the greatest common factor of 374780 and 33320?
140
What is the greatest common factor of 155209505 and 220?
55
What is the greatest common divisor of 105852645 and 45?
45
Calculate the greatest common factor of 42 and 45499176.
6
Calculate the highest common divisor of 12961 and 14456500.
997
What is the greatest common factor of 2655 and 1343961?
531
What is the highest common factor of 158042 and 6441?
19
What is the greatest common factor of 88872 and 2399061?
483
What is the highest common divisor of 1277464 and 16?
8
What is the greatest common factor of 16 and 27800996?
4
Calculate the greatest common factor of 352 and 8518488.
88
Calculate the greatest common factor of 11 and 1416836421.
11
Calculate the greatest common divisor of 293350064 and 5488.
5488
What is the greatest common divisor of 104 and 2177851?
13
Calculate the greatest common factor of 848 and 94398512.
848
Calculate the highest common divisor of 51894 and 9018.
54
What is the highest common divisor of 105196 and 1067612?
364
Calculate the highest common divisor of 115620 and 2946260.
820
Calculate the greatest common divisor of 7440 and 137147100.
1860
Calculate the greatest common divisor of 931 and 22051225.
49
Calculate the greatest common factor of 131845351 and 2299.
2299
What is the highest common divisor of 1236 and 89832?
12
Calculate the highest common factor of 734 and 67172010.
734
What is the greatest common factor of 50 and 66335350?
50
Calculate the highest common factor of 30 and 87901930.
10
Calculate the highest common factor of 14952 and 9220428.
84
What is the highest common divisor of 314340 and 18952284?
4836
What is the greatest common factor of 30900350 and 10275?
3425
Calculate the greatest common divisor of 13892 and 865532.
604
Calculate the greatest common divisor of 386694521 and 6455.
1291
What is the highest common divisor of 5070 and 1876524?
78
Calculate the highest common divisor of 240401 and 62464.
61
Calculate the highest common factor of 9188418 and 522.
174
What is the highest common divisor of 35697 and 539367?
489
Calculate the highest common factor of 6871085 and 370.
185
Calculate the greatest common factor of 2968596 and 216.
108
What is the greatest common divisor of 98307 and 6017?
11
What is the highest common factor of 114 and 109948858?
38
Calculate the highest common factor of 8304 and 5342586.
1038
Calculate the highest common factor of 5312 and 9098816.
64
Calculate the highest common divisor of 63867904 and 2134.
194
What is the highest common divisor of 2 and 254664?
2
What is the highest common divisor of 20107260 and 39780?
3060
Calculate the greatest common divisor of 8106 and 94318.
14
What is the greatest common divisor of 8324579 and 3805?
761
What is the highest common factor of 5982 and 13880234?
1994
What is the greatest common divisor of 146 and 57859508?
146
Calculate the highest common divisor of 697343 and 172549.
1021
What is the greatest common divisor of 274743 and 21247821?
3087
What is the highest common divisor of 236273180 and 1716?
572
What is the highest common divisor of 117 and 1829043?
9
Calculate the greatest common factor of 93595572 and 336.
84
Calculate the highest common factor of 415848 and 1632.
24
Calculate the greatest common divisor of 40479766 and 3306.
1102
Calculate the highest common factor of 33463471 and 3170.
317
Calculate the greatest common factor of 766556918 and 1858.
1858
Calculate the highest common divisor of 892276 and 3696.
308
What is the greatest common divisor of 922411 and 5947?
313
Calculate the highest common factor of 3150 and 21337470.
630
What is the highest common factor of 23536739 and 17190?
191
Calculate the greatest common factor of 1076054 and 1717.
101
What is the greatest common factor of 136028 and 736219?
31
Calculate the greatest common divisor of 13979 and 10342463.
1997
What is the highest common factor of 1 and 81421669?
1
What is the greatest common factor of 16195456 and 96?
32
Calculate the highest common divisor of 63707 and 20094529.
3353
What is the highest common factor of 2055 and 1016385?
15
Calculate the greatest common divisor of 118118678 and 4.
2
Calculate the greatest common factor of 3496 and 9003074.
874
Calculate the highest common divisor of 1819173 and 49218.
1893
What is the highest common divisor of 468 and 17219124?
468
Calculate the highest common divisor of 1478431810 and 394.
394
Calculate the highest common factor of 396 and 5841484.
44
Calculate the greatest common divisor of 10495765 and 240.
5
What is the highest common divisor of 26400 and 104100?
300
What is the greatest common divisor of 42185 and 71685?
295
Calculate the highest common factor of 34086 and 348381644.
11362
Calculate the highest common divisor of 9 and 38465010.
9
Calculate the highest common divisor of 10912 and 161984.
32
Calculate the highest common divisor of 451639030 and 15.
5
Calculate the highest common factor of 2005726 and 10.
2
What is the highest common factor of 170489 and 202896?
1409
Calculate the greatest common divisor of 240 and 3538960.
80
Calculate the greatest common factor of 58 and 62025403.
29
What is the highest common divisor of 83 and 7561217?
83
Calculate the greatest common factor of 38 and 2988078.
2
What is the highest common divisor of 338864881 and 953?
953
Calculate the highest common divisor of 1836 and 1101141.
459
Calculate the greatest common divisor of 770331 and 4149.
1383
Calculate the greatest common factor of 2206 and 10634023.
1103
What is the greatest common factor of 23760 and 35209350?
2970
Calculate the highest common factor of 126287305 and 85.
85
What is the greatest common factor of 477631 and 63?
7
Calculate the greatest common divisor of 685047 and 495.
33
What is the greatest common divisor of 2367386 and 1334?
58
Calculate the greatest common divisor of 232 and 7362694.
58
Calculate the highest common divisor of 150472 and 32958742.
5374
What is the greatest common divisor of 494 and 6397274?
26
What is the highest common divisor of 90609279 and 106361?
3431
Calculate the highest common divisor of 57 and 1472691007.
19
Calculate the highest common factor of 58342 and 3410.
62
What is the greatest common factor of 7523642 and 70?
14
What is the highest common factor of 30340 and 3380040?
820
Calculate the highest common factor of 258768 and 8424.
216
What is the highest common divisor of 13414 and 118744258?
706
What is the highest common divisor of 1884 and 60141990?
942
Calculate the greatest common divisor of 358 and 598901780.
358
What is the greatest common divisor of 91756 and 3715306?
406
What is the highest common divisor of 98840 and 374150?
70
Calculate the highest common divisor of 14175 and 2151.
9
Calculate the highest common divisor of 11116 and 1264595066.
5558
What is the highest common factor of 1117561147 and 17?
17
Calculate the highest common divisor of 18221378 and 14.
14
What is the greatest common factor of 45 and 7568163?
9
What is the highest common factor of 266 and 353476?
38
Calculate the highest common factor of 888189157 and 153.
17
What is the highest common divisor of 8796475 and 125?
25
Calculate the greatest common factor of 82137 and 58688.
131
Calculate the highest common divisor of 182 and 1499675359.
91
Calcula